{"id":542,"date":"2017-05-12T09:44:07","date_gmt":"2017-05-12T07:44:07","guid":{"rendered":"http:\/\/dev.firestones-wilsingen.de\/?page_id=542"},"modified":"2017-06-05T21:23:46","modified_gmt":"2017-06-05T19:23:46","slug":"beachevent","status":"publish","type":"page","link":"http:\/\/dev.firestones-wilsingen.de\/index.php\/beachevent\/","title":{"rendered":"Beachevent"},"content":{"rendered":"<section class=\"sh-section sh-section-0506e3b1301a0cc5d7fdcc90da1b6dc3 fw-main-row sh-section-visibility-everywhere\">\r\n\t\r\n\t\t\t<script type=\"text\/javascript\">\r\n\t\t\tjQuery(document).ready(function($) {\r\n\t\t\t\t\r\n\t\t\t\t\tif( $(window).width() >= 800 ) {\r\n\t\t\t\t\t\tif( document.documentMode || \/Edge\/.test(navigator.userAgent) ) {\r\n\t\t\t\t\t\t\t$('.sh-section-0506e3b1301a0cc5d7fdcc90da1b6dc3').css( 'background-attachment', 'fixed' );\r\n\t\t\t\t\t\t} else {\r\n\t\t\t\t\t\t\t$('.sh-section-0506e3b1301a0cc5d7fdcc90da1b6dc3').jarallax({\r\n\t\t\t\t\t\t\t\tspeed: 0.5\t\t\t\t\t\t\t});\r\n\t\t\t\t\t\t}\r\n\t\t\t\t\t}\r\n\r\n\t\t\t\t\t\t\t\t\t\t\t});\r\n\t\t<\/script>\r\n\t\r\n\t<div class=\"sh-section-container container-fluid\">\r\n\t\t<div class=\"fw-row\">\n\t\r\n<div class=\"sh-column sh-column-fba734ba6ee9644928176fede4d7755d fw-col-xs-12\" >\r\n\r\n\t\r\n\t<div class=\"sh-column-wrapper\">\r\n\t\t\r\n<div class=\"sh-heading  \" id=\"heading-8eee4c81741754de32e1755cc9794424\">\r\n\t<div class=\"sh-element-margin\">\r\n\r\n\t\t\r\n\t\t\t<h1 class=\"sh-heading-content size-xl text-left\">\r\n\t\t\t\tBeachevent\t\t\t<\/h1>\r\n\r\n\t\t\r\n\t<\/div>\r\n<\/div>\r\n\t<\/div>\r\n\r\n\r\n\t\t\r\n\r\n<\/div>\r\n<\/div>\n\n<div class=\"fw-row\">\n\t\r\n<div class=\"sh-column sh-column-1253d43ad39f41efe919105575fe38d6 fw-col-xs-12\" >\r\n\r\n\t\r\n\t<div class=\"sh-column-wrapper\">\r\n\t\t\r\n<div id=\"text-block-0ccc6798b88d804adb251d0268aefcab\" class=\"sh-text-block\">\r\n\t<h2 style=\"text-align: center;color: white;\"><strong>Den Beginn der Sommerferien l\u00e4uten wir mit unserem allj\u00e4hrlichen Beachevent ein. Der Startschuss f\u00e4llt am Freitag, 28. Juli 2017 mit unserer legend\u00e4ren Beachparty. Mit leckeren Cocktails, hei\u00dfen Sommerrhythmen, beheiztem Pool, Piratenschiff, gro\u00dfer Beach-Bar, u.v.m. findet ihr hier alles was Ihr f\u00fcr den perfekten Start in den Urlaub ben\u00f6tigt. Letztes Jahr haben knapp 1.400 G\u00e4ste eine spektakul\u00e4re und unvergessliche Party mit uns gefeiert, sei auch Du dieses Jahr dabei wenn es wieder hei\u00dft \u201eIt\u00b4s Beachparty Time!\u201c<\/strong><\/h2><h2 style=\"text-align: center;color: white;\"><strong>Im Anschluss an unsere Beachparty findet am Samstag 29. Juli, unser 15. Beachvolleyballturnier stattund k\u00e4mpfen um den Titel \u201eBeach Champion 2017\u201c.<\/strong><\/h2><\/div>\r\n\t<\/div>\r\n\r\n\r\n\t\t\r\n\r\n<\/div>\r\n<\/div>\n\n\t<\/div>\r\n<\/section>\r\n\r\n<section class=\"sh-section sh-section-874817ac305d8714d2914073a3a9f9d7 fw-main-row sh-section-visibility-everywhere\">\r\n\t\r\n\t\t\t<script type=\"text\/javascript\">\r\n\t\t\tjQuery(document).ready(function($) {\r\n\t\t\t\t\r\n\t\t\t\t\tif( $(window).width() >= 800 ) {\r\n\t\t\t\t\t\tif( document.documentMode || \/Edge\/.test(navigator.userAgent) ) {\r\n\t\t\t\t\t\t\t$('.sh-section-874817ac305d8714d2914073a3a9f9d7').css( 'background-attachment', 'fixed' );\r\n\t\t\t\t\t\t} else {\r\n\t\t\t\t\t\t\t$('.sh-section-874817ac305d8714d2914073a3a9f9d7').jarallax({\r\n\t\t\t\t\t\t\t\tspeed: 0.5\t\t\t\t\t\t\t});\r\n\t\t\t\t\t\t}\r\n\t\t\t\t\t}\r\n\r\n\t\t\t\t\t\t\t\t\t\t\t});\r\n\t\t<\/script>\r\n\t\r\n\t<div class=\"sh-section-container container-fluid\">\r\n\t\t<div class=\"fw-row\">\n\t\r\n<div class=\"sh-column sh-column-fba734ba6ee9644928176fede4d7755d fw-col-xs-12\" >\r\n\r\n\t\r\n\t<div class=\"sh-column-wrapper\">\r\n\t\t\r\n<div class=\"sh-heading  \" id=\"heading-e1d97df36d9a27e2ccbd634ef2af01bf\">\r\n\t<div class=\"sh-element-margin\">\r\n\r\n\t\t\r\n\t\t\t<h1 class=\"sh-heading-content size-xl text-left\">\r\n\t\t\t\tBeachparty\t\t\t<\/h1>\r\n\r\n\t\t\r\n\t<\/div>\r\n<\/div>\r\n\t<\/div>\r\n\r\n\r\n\t\t\r\n\r\n<\/div>\r\n<\/div>\n\n<div class=\"fw-row\">\n\t\r\n<div class=\"sh-column sh-column-2ef7b9d1e33bf5279e75d00878f0629c fw-col-xs-12\" >\r\n\r\n\t\r\n\t<div class=\"sh-column-wrapper\">\r\n\t\t\r\n<div id=\"text-block-4767fd4b97245c3d877a2dddc9caa743\" class=\"sh-text-block\">\r\n\t<h1 style=\"text-align: center;color: white;\"><strong>... no great story ever started with someone eating a salad.... <\/strong><\/h1><h2 style=\"text-align: center;color: white;\"><strong>Unsere legend\u00e4re Beachparty zieht seit 2005 zahlreiche Besucher aus der gesamten Region nach Wilsingen. Jedes Jahr warten auf euch neue Specials und Highlights.<\/strong><\/h2><h2 style=\"text-align: center;color: white;\"><strong>Lasst euch auch dieses Jahr wieder \u00fcberraschen und feiert eine unvergessliche Party mit uns.<\/strong><\/h2><h1 style=\"text-align: center;color: white;\"><strong>It's Beachparty time<\/strong><\/h1><\/div>\r\n\r\n<div id=\"button-6ee80c4d6dd568d24c45a47d2f1a3ffb\" class=\"sh-button-container  sh-button-style-2\">\r\n\t<div class=\"sh-element-margin\">\r\n\t\t<a href=\"\/index.php\/beachevent\/beachparty\/\" target=\"_self\" class=\"sh-button sh-button-medium sh-button-icon-left\">\r\n\r\n\t\t\t\t\t\t\t<span class=\"sh-button-icon\">\r\n\t\t\t\t\t<i class=\"pe-7s-map-marker\"><\/i>\r\n\t\t\t\t<\/span>\r\n\t\t\t\r\n\t\t\t\t\t\t\t<span class=\"sh-button-text\">\r\n\t\t\t\t\tMehr Infos\t\t\t\t<\/span>\r\n\t\t\t\r\n\t\t\t\r\n\t\t<\/a>\r\n\t\t\t<\/div>\r\n<\/div>\r\n\t<\/div>\r\n\r\n\r\n\t\t\r\n\r\n<\/div>\r\n<\/div>\n\n\t<\/div>\r\n<\/section>\r\n\r\n<section class=\"sh-section sh-section-662b325f0a45b3941f43beb2da5e016b fw-main-row sh-section-visibility-everywhere\">\r\n\t\r\n\t\r\n\t<div class=\"sh-section-container container-fluid\">\r\n\t\t<div class=\"fw-row\">\n\t\r\n<div class=\"sh-column sh-column-fba734ba6ee9644928176fede4d7755d fw-col-xs-12\" >\r\n\r\n\t\r\n\t<div class=\"sh-column-wrapper\">\r\n\t\t\r\n<div class=\"sh-heading  \" id=\"heading-008615a3e47b635db47b76271acd7787\">\r\n\t<div class=\"sh-element-margin\">\r\n\r\n\t\t\r\n\t\t\t<h1 class=\"sh-heading-content size-xl text-left\">\r\n\t\t\t\tBeachturnier\t\t\t<\/h1>\r\n\r\n\t\t\r\n\t<\/div>\r\n<\/div>\r\n\t<\/div>\r\n\r\n\r\n\t\t\r\n\r\n<\/div>\r\n<\/div>\n\n<div class=\"fw-row\">\n\t\r\n<div class=\"sh-column sh-column-c16b33060096081be02d8c94d7997ba7 fw-col-xs-12\" >\r\n\r\n\t\r\n\t<div class=\"sh-column-wrapper\">\r\n\t\t\r\n<div id=\"text-block-48f3c6786da63f82e4c9264a23792b5c\" class=\"sh-text-block\">\r\n\t<h2 style=\"text-align: center;color: white;\"><strong>Seit bestehen des Beachvolleyballfelds in Wilsingen zieht unser Beachturnier bereits seit 2002 viele Volleyballbegeisterte an. So k\u00e4mpfen auch in diesem Jahr wieder bis zu 16 Herren-, sowie bis zu 4 Damenteams mit tollk\u00fchnen Hechtspr\u00fcngen und kraftvollen Schmetterb\u00e4llen um den Titel <\/strong><\/h2><h1 style=\"text-align: center;color: white;\"><strong>\u201eBeach Champion 2017\u201c.<\/strong><\/h1><\/div>\r\n\r\n<div id=\"button-1e80d8564b53fd3b9d10ab15f8656264\" class=\"sh-button-container  sh-button-style-2\">\r\n\t<div class=\"sh-element-margin\">\r\n\t\t<a href=\"\/index.php\/beachevent\/beachturnier\/\" target=\"_self\" class=\"sh-button sh-button-medium sh-button-icon-left\">\r\n\r\n\t\t\t\t\t\t\t<span class=\"sh-button-icon\">\r\n\t\t\t\t\t<i class=\"pe-7s-map-marker\"><\/i>\r\n\t\t\t\t<\/span>\r\n\t\t\t\r\n\t\t\t\t\t\t\t<span class=\"sh-button-text\">\r\n\t\t\t\t\tMehr Infos\t\t\t\t<\/span>\r\n\t\t\t\r\n\t\t\t\r\n\t\t<\/a>\r\n\t\t\t<\/div>\r\n<\/div>\r\n\t<\/div>\r\n\r\n\r\n\t\t\r\n\r\n<\/div>\r\n<\/div>\n\n\t<\/div>\r\n<\/section>\n","protected":false},"excerpt":{"rendered":"<p>Beachevent Den Beginn der Sommerferien l\u00e4uten wir mit unserem allj\u00e4hrlichen Beachevent ein. Der Startschuss f\u00e4llt am Freitag, 28. Juli 2017 mit unserer legend\u00e4ren Beachparty. Mit leckeren Cocktails, hei\u00dfen Sommerrhythmen, beheiztem Pool, Piratenschiff, gro\u00dfer Beach-Bar, u.v.m. findet ihr hier alles was Ihr f\u00fcr den perfekten Start&#8230;<\/p>\n","protected":false},"author":1,"featured_media":0,"parent":0,"menu_order":0,"comment_status":"closed","ping_status":"closed","template":"","meta":[],"_links":{"self":[{"href":"http:\/\/dev.firestones-wilsingen.de\/index.php\/wp-json\/wp\/v2\/pages\/542"}],"collection":[{"href":"http:\/\/dev.firestones-wilsingen.de\/index.php\/wp-json\/wp\/v2\/pages"}],"about":[{"href":"http:\/\/dev.firestones-wilsingen.de\/index.php\/wp-json\/wp\/v2\/types\/page"}],"author":[{"embeddable":true,"href":"http:\/\/dev.firestones-wilsingen.de\/index.php\/wp-json\/wp\/v2\/users\/1"}],"replies":[{"embeddable":true,"href":"http:\/\/dev.firestones-wilsingen.de\/index.php\/wp-json\/wp\/v2\/comments?post=542"}],"version-history":[{"count":53,"href":"http:\/\/dev.firestones-wilsingen.de\/index.php\/wp-json\/wp\/v2\/pages\/542\/revisions"}],"predecessor-version":[{"id":4353,"href":"http:\/\/dev.firestones-wilsingen.de\/index.php\/wp-json\/wp\/v2\/pages\/542\/revisions\/4353"}],"wp:attachment":[{"href":"http:\/\/dev.firestones-wilsingen.de\/index.php\/wp-json\/wp\/v2\/media?parent=542"}],"curies":[{"name":"wp","href":"https:\/\/api.w.org\/{rel}","templated":true}]}}